709.
7, 31387
What are the prime factors of 781681?
781681
List the prime factors of 7498668.
2, 3, 179, 3491
What are the prime factors of 2096567?
11, 17327
List the prime factors of 148556.
2, 37139
List the prime factors of 14039.
101, 139
List the prime factors of 1062617.
107, 9931
List the prime factors of 77477.
77477
List the prime factors of 220589.
220589
What are the prime factors of 63343?
7, 9049
List the prime factors of 593301.
3, 197767
List the prime factors of 11230196.
2, 2807549
What are the prime factors of 355717?
355717
What are the prime factors of 3128738?
2, 1564369
List the prime factors of 281949.
3, 93983
What are the prime factors of 262663?
31, 37, 229
List the prime factors of 3499738.
2, 11, 159079
What are the prime factors of 12674107?
12674107
What are the prime factors of 570502?
2, 285251
What are the prime factors of 8770835?
5, 151, 11617
List the prime factors of 568648.
2, 71081
What are the prime factors of 3647975?
5, 41, 3559
List the prime factors of 2089080.
2, 3, 5, 7, 829
List the prime factors of 594371.
17, 34963
What are the prime factors of 6548209?
463, 14143
List the prime factors of 572188.
2, 53, 2699
What are the prime factors of 6341100?
2, 3, 5, 23, 919
What are the prime factors of 684619?
13, 4051
What are the prime factors of 106917?
3, 157, 227
What are the prime factors of 22397896?
2, 619, 4523
What are the prime factors of 271877?
61, 4457
What are the prime factors of 29345379?
3, 7, 163, 8573
What are the prime factors of 246712?
2, 30839
What are the prime factors of 2536016?
2, 7, 22643
List the prime factors of 4897116.
2, 3, 7, 19433
What are the prime factors of 272246?
2, 13, 37, 283
What are the prime factors of 21000286?
2, 10500143
What are the prime factors of 568868?
2, 142217
What are the prime factors of 758336?
2, 17, 41
What are the prime factors of 14386932?
2, 3, 7, 37, 1543
List the prime factors of 8405058.
2, 3, 53, 26431
List the prime factors of 216140.
2, 5, 101, 107
What are the prime factors of 129626?
2, 7, 47, 197
List the prime factors of 847790.
2, 5, 17, 4987
What are the prime factors of 140702?
2, 70351
List the prime factors of 13823455.
5, 691, 4001
List the prime factors of 5342633.
31, 172343
List the prime factors of 3106177.
19, 163483
List the prime factors of 38271659.
38271659
List the prime factors of 24004746.
2, 3, 1333597
What are the prime factors of 183162?
2, 3, 7, 89
What are the prime factors of 2269034?
2, 1134517
List the prime factors of 1072462.
2, 17, 31543
List the prime factors of 963298.
2, 7, 83, 829
What are the prime factors of 144142?
2, 97, 743
What are the prime factors of 5628486?
2, 3, 863, 1087
What are the prime factors of 414488?
2, 197, 263
List the prime factors of 885753.
3, 11, 23, 389
List the prime factors of 503106.
2, 3, 71, 1181
List the prime factors of 1109274.
2, 3, 184879
List the prime factors of 1265604.
2, 3, 105467
List the prime factors of 313813.
31, 53, 191
List the prime factors of 1690782.
2, 3, 281797
List the prime factors of 219362.
2, 11, 13, 59
What are the prime factors of 3243109?
3243109
What are the prime factors of 1632907?
41, 39827
What are the prime factors of 14015190?
2, 3, 5, 7, 66739
List the prime factors of 155868.
2, 3, 31, 419
List the prime factors of 205847.
205847
What are the prime factors of 29097767?
307, 94781
List the prime factors of 126277.
197, 641
List the prime factors of 429040.
2, 5, 31, 173
What are the prime factors of 1219080?
2, 3, 5, 10159
What are the prime factors of 162255?
3, 5, 29, 373
What are the prime factors of 49721?
7, 7103
List the prime factors of 65224.
2, 31, 263
List the prime factors of 2878823.
19, 151517
What are the prime factors of 7961178?
2, 3, 97, 13679
What are the prime factors of 796468?
2, 83, 2399
What are the prime factors of 16482018?
2, 3, 7, 31, 12659
List the prime factors of 1243179.
3, 7, 2819
List the prime factors of 882159.
3, 294053
What are the prime factors of 19743467?
71, 487, 571
List the prime factors of 699344.
2, 109, 401
List the prime factors of 8314995.
3, 5, 13, 42641
List the prime factors of 553326.
2, 3, 92221
List the prime factors of 2660061.
3, 547, 1621
List the prime factors of 560274.
2, 3, 11, 13, 653
What are the prime factors of 516724?
2, 13, 19, 523
List the prime factors of 11666514.
2, 3, 1201, 1619
What are the prime factors of 1615931?
19, 85049
List the prime factors of 734598.
2, 3, 37, 1103
What are the prime factors of 7792907?
19, 21587
What are the prime factors of 57761?
11, 59, 89
List the prime factors of 31779573.
3, 7, 193, 7841
What are the prime factors of 41165?
5, 8233
List the prime factors of 8106377.
8106377
List the prime factors of 25065376.
2, 7, 149, 751
What are the prime factors of 16103458?
2, 7, 164321
What are the prime factors of 324808?
2, 11, 3691
What are the prime factors of 1152864?
2, 3, 4003
What are the prime factors of 3756958?
2, 23, 53, 67
What are the prime factors of 840660?
2, 3, 5, 14011
List the prime factors of 22148.
2, 7, 113
List the prime factors of 4000560.
2, 3, 5, 79, 211
What are the prime factors of 356904?
2, 3, 4957
What are the prime factors of 15409631?
15409631
What are the prime factors of 8869915?
5, 491, 3613
List the prime factors of 1060709.
13, 139, 587
List the prime factors of 2137813.
2137813
List the prime factors of 1677026.
2, 13, 53, 1217
What are the prime factors of 55147?
55147
List the prime factors of 242637.
3, 31, 2609
List the prime factors of 129030.
2, 3, 5, 11, 17, 23
List the prime factors of 5123057.
37, 138461
List the prime factors of 27099.
3, 3011
List the prime factors of 5702806.
2, 2851403
What are the prime factors of 476105?
5, 7, 61, 223
List the prime factors of 10684827.
3, 167, 7109
What are the prime factors of 17459598?
2, 3, 13, 223841
List the prime factors of 6088149.
3, 443, 509
List the prime factors of 1987649.
1987649
What are the prime factors of 881260?
2, 5, 139, 317
What are the prime factors of 871620?
2, 3, 5, 73, 199
List the prime factors of 400973.
83, 4831
List the prime factors of 389468.
2, 97367
List the prime factors of 504941.
73, 6917
What are the prime factors of 10737547?
769, 13963
List the prime factors of 3756117.
3, 59, 21221
List the prime factors of 76607.
76607
List the prime factors of 652067.
13, 50159
What are the prime factors of 1501453?
761, 1973
List the prime factors of 151362.
2, 3, 2803
List the prime factors of 16430395.
5, 23, 142873
List the prime factors of 22280897.
17, 197, 6653
List the prime factors of 437696.
2, 7, 977
What are the prime factors of 8360319?
3, 11, 253343
List the prime factors of 1558979.
1558979
List the prime factors of 44615.
5, 8923
List the prime factors of 996270.
2, 3, 5, 11, 3019
What are the prime factors of 32897968?
2, 19, 108217
List the prime factors of 323195.
5, 37, 1747
List the prime factors of 7960674.
2, 3, 29, 45751
What are the prime factors of 29500244?
2, 307, 24023
List the prime factors of 1999652.
2, 41, 89, 137
List the prime factors of 3230190.
2, 3, 5, 19, 1889
What are the prime factors of 11467?
11467
What are the prime factors of 2442259?
37, 149, 443
What are the prime factors of 4337208?
2, 3, 59, 1021
What are the prime factors of 3658520?
2, 5, 91463
List the prime factors of 560713.
73, 7681
What are the prime factors of 31767411?
3, 13, 19, 43, 997
What are the prime factors of 876387?
3, 61, 4789
What are the prime factors of 199515?
3, 5, 47, 283
List the prime factors of 858236.
2, 214559
List the prime factors of 1317025.
5, 139, 379
List the prime factors of 1861115.
5, 372223
List the prime factors of 1163771.
7, 31, 173
List the prime factors of 184905.
3, 5, 7, 587
List the prime factors of 5651803.
17, 311, 1069
What are the prime factors of 1888323?
3, 23, 27367
What are the prime factors of 188166?
2, 3, 11, 2851
List the prime factors of 228032.
2, 7, 509
List the prime factors of 197523.
3, 17, 1291
List the prime factors of 946634.
2, 13, 23, 1583
What are the prime factors of 67622?
2, 33811
What are the prime factors of 3395219?
3395219
List the prime factors of 573833.
13, 37, 1193
List the prime factors of 454695.
3, 5, 30313
List the prime factors of 